{"id":2712,"date":"2026-02-26T12:31:25","date_gmt":"2026-02-26T15:31:25","guid":{"rendered":"https:\/\/mobillierdecora.com.br\/?post_type=product&#038;p=2712"},"modified":"2026-03-03T12:03:25","modified_gmt":"2026-03-03T15:03:25","slug":"cadeira-betina","status":"publish","type":"product","link":"https:\/\/mobillierdecora.com.br\/index.php\/produto\/cadeira-betina\/","title":{"rendered":"CADEIRA BETINA"},"content":{"rendered":"<p>Cadeira em madeira multilaminada.<br \/>\nAssento e encosto estofados em poliuretano<br \/>\nou linho. Base em madeira. Op\u00e7\u00e3o de base<br \/>\nfixa na cor LINHO GRAFITE.<br \/>\nCOR : LINHO GRAFITE<br \/>\nDispon\u00edveis: 1 unidade<br \/>\n1 Unidade est\u00e1 saindo por R$815,00<\/p>\n","protected":false},"excerpt":{"rendered":"<p>Cadeira em madeira multilaminada. Assento e encosto estofados em poliuretano ou linho. Base em madeira. Op\u00e7\u00e3o de base fixa na cor LINHO GRAFITE. COR : LINHO GRAFITE Dispon\u00edveis: 1 unidade 1 Unidade est\u00e1 saindo por R$815,00<\/p>\n","protected":false},"featured_media":2713,"comment_status":"open","ping_status":"closed","template":"","meta":{"googlesitekit_rrm_CAowk5XbCw:productID":""},"product_brand":[56],"product_cat":[42],"product_tag":[],"class_list":{"0":"post-2712","1":"product","2":"type-product","3":"status-publish","4":"has-post-thumbnail","6":"product_brand-rivatti","7":"product_cat-cadeira","9":"first","10":"instock","11":"sale","12":"shipping-taxable","13":"purchasable","14":"product-type-simple"},"_links":{"self":[{"href":"https:\/\/mobillierdecora.com.br\/index.php\/wp-json\/wp\/v2\/product\/2712","targetHints":{"allow":["GET"]}}],"collection":[{"href":"https:\/\/mobillierdecora.com.br\/index.php\/wp-json\/wp\/v2\/product"}],"about":[{"href":"https:\/\/mobillierdecora.com.br\/index.php\/wp-json\/wp\/v2\/types\/product"}],"replies":[{"embeddable":true,"href":"https:\/\/mobillierdecora.com.br\/index.php\/wp-json\/wp\/v2\/comments?post=2712"}],"version-history":[{"count":1,"href":"https:\/\/mobillierdecora.com.br\/index.php\/wp-json\/wp\/v2\/product\/2712\/revisions"}],"predecessor-version":[{"id":2717,"href":"https:\/\/mobillierdecora.com.br\/index.php\/wp-json\/wp\/v2\/product\/2712\/revisions\/2717"}],"wp:featuredmedia":[{"embeddable":true,"href":"https:\/\/mobillierdecora.com.br\/index.php\/wp-json\/wp\/v2\/media\/2713"}],"wp:attachment":[{"href":"https:\/\/mobillierdecora.com.br\/index.php\/wp-json\/wp\/v2\/media?parent=2712"}],"wp:term":[{"taxonomy":"product_brand","embeddable":true,"href":"https:\/\/mobillierdecora.com.br\/index.php\/wp-json\/wp\/v2\/product_brand?post=2712"},{"taxonomy":"product_cat","embeddable":true,"href":"https:\/\/mobillierdecora.com.br\/index.php\/wp-json\/wp\/v2\/product_cat?post=2712"},{"taxonomy":"product_tag","embeddable":true,"href":"https:\/\/mobillierdecora.com.br\/index.php\/wp-json\/wp\/v2\/product_tag?post=2712"}],"curies":[{"name":"wp","href":"https:\/\/api.w.org\/{rel}","templated":true}]}}

<p>Cadeira em madeira multilaminada.<br />
Assento e encosto estofados em poliuretano<br />
ou linho. Base em madeira. Opção de base<br />
fixa na cor LINHO GRAFITE.<br />
COR : LINHO GRAFITE<br />
Disponíveis: 1 unidade<br />
1 Unidade está saindo por R$815,00</p>

<p>Cadeira em madeira multilaminada. Assento e encosto estofados em poliuretano ou linho. Base em madeira. Opção de base fixa na cor LINHO GRAFITE. COR : LINHO GRAFITE Disponíveis: 1 unidade 1 Unidade está saindo por R$815,00</p>
