{"id":2705,"date":"2026-01-26T09:51:29","date_gmt":"2026-01-26T12:51:29","guid":{"rendered":"https:\/\/mobillierdecora.com.br\/?post_type=product&#038;p=2705"},"modified":"2026-03-03T12:03:43","modified_gmt":"2026-03-03T15:03:43","slug":"mesa-franciele","status":"publish","type":"product","link":"https:\/\/mobillierdecora.com.br\/index.php\/produto\/mesa-franciele\/","title":{"rendered":"MESA FRANCIELE"},"content":{"rendered":"<p>Mesa Francieli, base em a\u00e7o carobono com pintura<br \/>\nepoxi e detalhe em madeira curvada e tampo com<br \/>\nMadeira laqueado., mesa para at\u00e9 8 lugares<br \/>\nDispon\u00edvel Na Cor e base : base em a\u00e7o carobono com<br \/>\npintura epoxi e detalhe em madeira curvada e tampo<br \/>\ncom Madeira<\/p>\n","protected":false},"excerpt":{"rendered":"<p>Mesa Francieli, base em a\u00e7o carobono com pintura epoxi e detalhe em madeira curvada e tampo com Madeira laqueado., mesa para at\u00e9 8 lugares Dispon\u00edvel Na Cor e base : base em a\u00e7o carobono com pintura epoxi e detalhe em madeira curvada e tampo com Madeira<\/p>\n","protected":false},"featured_media":2707,"comment_status":"closed","ping_status":"closed","template":"","meta":{"googlesitekit_rrm_CAowk5XbCw:productID":""},"product_brand":[62],"product_cat":[15],"product_tag":[53],"class_list":{"0":"post-2705","1":"product","2":"type-product","3":"status-publish","4":"has-post-thumbnail","6":"product_brand-matrezan","7":"product_cat-produtos","8":"product_tag-produtos","10":"first","11":"instock","12":"shipping-taxable","13":"purchasable","14":"product-type-simple"},"_links":{"self":[{"href":"https:\/\/mobillierdecora.com.br\/index.php\/wp-json\/wp\/v2\/product\/2705","targetHints":{"allow":["GET"]}}],"collection":[{"href":"https:\/\/mobillierdecora.com.br\/index.php\/wp-json\/wp\/v2\/product"}],"about":[{"href":"https:\/\/mobillierdecora.com.br\/index.php\/wp-json\/wp\/v2\/types\/product"}],"replies":[{"embeddable":true,"href":"https:\/\/mobillierdecora.com.br\/index.php\/wp-json\/wp\/v2\/comments?post=2705"}],"version-history":[{"count":2,"href":"https:\/\/mobillierdecora.com.br\/index.php\/wp-json\/wp\/v2\/product\/2705\/revisions"}],"predecessor-version":[{"id":2709,"href":"https:\/\/mobillierdecora.com.br\/index.php\/wp-json\/wp\/v2\/product\/2705\/revisions\/2709"}],"wp:featuredmedia":[{"embeddable":true,"href":"https:\/\/mobillierdecora.com.br\/index.php\/wp-json\/wp\/v2\/media\/2707"}],"wp:attachment":[{"href":"https:\/\/mobillierdecora.com.br\/index.php\/wp-json\/wp\/v2\/media?parent=2705"}],"wp:term":[{"taxonomy":"product_brand","embeddable":true,"href":"https:\/\/mobillierdecora.com.br\/index.php\/wp-json\/wp\/v2\/product_brand?post=2705"},{"taxonomy":"product_cat","embeddable":true,"href":"https:\/\/mobillierdecora.com.br\/index.php\/wp-json\/wp\/v2\/product_cat?post=2705"},{"taxonomy":"product_tag","embeddable":true,"href":"https:\/\/mobillierdecora.com.br\/index.php\/wp-json\/wp\/v2\/product_tag?post=2705"}],"curies":[{"name":"wp","href":"https:\/\/api.w.org\/{rel}","templated":true}]}}

<p>Mesa Francieli, base em aço carobono com pintura<br />
epoxi e detalhe em madeira curvada e tampo com<br />
Madeira laqueado., mesa para até 8 lugares<br />
Disponível Na Cor e base : base em aço carobono com<br />
pintura epoxi e detalhe em madeira curvada e tampo<br />
com Madeira</p>

<p>Mesa Francieli, base em aço carobono com pintura epoxi e detalhe em madeira curvada e tampo com Madeira laqueado., mesa para até 8 lugares Disponível Na Cor e base : base em aço carobono com pintura epoxi e detalhe em madeira curvada e tampo com Madeira</p>
