{"id":2577,"date":"2025-05-08T15:20:09","date_gmt":"2025-05-08T18:20:09","guid":{"rendered":"https:\/\/mobillierdecora.com.br\/?post_type=product&#038;p=2577"},"modified":"2025-07-28T13:36:21","modified_gmt":"2025-07-28T16:36:21","slug":"poltrona-monet","status":"publish","type":"product","link":"https:\/\/mobillierdecora.com.br\/index.php\/produto\/poltrona-monet\/","title":{"rendered":"POLTRONA MONET"},"content":{"rendered":"<p><span dir=\"auto\" style=\"vertical-align: inherit;\"><span dir=\"auto\" style=\"vertical-align: inherit;\">MODELO : POLTRONA MONET <\/span><\/span><br \/>\n<span dir=\"auto\" style=\"vertical-align: inherit;\"><span dir=\"auto\" style=\"vertical-align: inherit;\">COR : CORES DISPON\u00cdVEIS Tecido Nude e Tecido Fendi\/ Tecido Fendi e Tecido Marrom <\/span><\/span><br \/>\n<span dir=\"auto\" style=\"vertical-align: inherit;\"><span dir=\"auto\" style=\"vertical-align: inherit;\">DESCRI\u00c7\u00c3O : POLTRONA GIRAT\u00d3RIA COM ASSENTO ESTOFADO EM TECIDO E ENCOSTO EM PU. BASE EM A\u00c7O INOXID\u00c1VEL.<\/span><\/span><\/p>\n<p>TODOS OS ITENS SOBRE ENCOMENDA<\/p>\n","protected":false},"excerpt":{"rendered":"<p>MODELO : POLTRONA MONET COR : CORES DISPON\u00cdVEIS Tecido Nude e Tecido Fendi\/ Tecido Fendi e Tecido Marrom DESCRI\u00c7\u00c3O : POLTRONA GIRAT\u00d3RIA COM ASSENTO ESTOFADO EM TECIDO E ENCOSTO EM PU. BASE EM A\u00c7O INOXID\u00c1VEL. TODOS OS ITENS SOBRE ENCOMENDA<\/p>\n","protected":false},"featured_media":2578,"comment_status":"open","ping_status":"closed","template":"","meta":{"googlesitekit_rrm_CAowk5XbCw:productID":""},"product_brand":[57],"product_cat":[15],"product_tag":[53],"class_list":{"0":"post-2577","1":"product","2":"type-product","3":"status-publish","4":"has-post-thumbnail","6":"product_brand-zendi","7":"product_cat-produtos","8":"product_tag-produtos","10":"first","11":"instock","12":"shipping-taxable","13":"product-type-simple"},"_links":{"self":[{"href":"https:\/\/mobillierdecora.com.br\/index.php\/wp-json\/wp\/v2\/product\/2577","targetHints":{"allow":["GET"]}}],"collection":[{"href":"https:\/\/mobillierdecora.com.br\/index.php\/wp-json\/wp\/v2\/product"}],"about":[{"href":"https:\/\/mobillierdecora.com.br\/index.php\/wp-json\/wp\/v2\/types\/product"}],"replies":[{"embeddable":true,"href":"https:\/\/mobillierdecora.com.br\/index.php\/wp-json\/wp\/v2\/comments?post=2577"}],"version-history":[{"count":2,"href":"https:\/\/mobillierdecora.com.br\/index.php\/wp-json\/wp\/v2\/product\/2577\/revisions"}],"predecessor-version":[{"id":2674,"href":"https:\/\/mobillierdecora.com.br\/index.php\/wp-json\/wp\/v2\/product\/2577\/revisions\/2674"}],"wp:featuredmedia":[{"embeddable":true,"href":"https:\/\/mobillierdecora.com.br\/index.php\/wp-json\/wp\/v2\/media\/2578"}],"wp:attachment":[{"href":"https:\/\/mobillierdecora.com.br\/index.php\/wp-json\/wp\/v2\/media?parent=2577"}],"wp:term":[{"taxonomy":"product_brand","embeddable":true,"href":"https:\/\/mobillierdecora.com.br\/index.php\/wp-json\/wp\/v2\/product_brand?post=2577"},{"taxonomy":"product_cat","embeddable":true,"href":"https:\/\/mobillierdecora.com.br\/index.php\/wp-json\/wp\/v2\/product_cat?post=2577"},{"taxonomy":"product_tag","embeddable":true,"href":"https:\/\/mobillierdecora.com.br\/index.php\/wp-json\/wp\/v2\/product_tag?post=2577"}],"curies":[{"name":"wp","href":"https:\/\/api.w.org\/{rel}","templated":true}]}}

<p><span dir="auto" style="vertical-align: inherit;"><span dir="auto" style="vertical-align: inherit;">MODELO : POLTRONA MONET </span></span><br />
<span dir="auto" style="vertical-align: inherit;"><span dir="auto" style="vertical-align: inherit;">COR : CORES DISPONÍVEIS Tecido Nude e Tecido Fendi/ Tecido Fendi e Tecido Marrom </span></span><br />
<span dir="auto" style="vertical-align: inherit;"><span dir="auto" style="vertical-align: inherit;">DESCRIÇÃO : POLTRONA GIRATÓRIA COM ASSENTO ESTOFADO EM TECIDO E ENCOSTO EM PU. BASE EM AÇO INOXIDÁVEL.</span></span></p>
<p>TODOS OS ITENS SOBRE ENCOMENDA</p>

<p>MODELO : POLTRONA MONET COR : CORES DISPONÍVEIS Tecido Nude e Tecido Fendi/ Tecido Fendi e Tecido Marrom DESCRIÇÃO : POLTRONA GIRATÓRIA COM ASSENTO ESTOFADO EM TECIDO E ENCOSTO EM PU. BASE EM AÇO INOXIDÁVEL. TODOS OS ITENS SOBRE ENCOMENDA</p>
