{"id":2567,"date":"2025-05-08T14:49:15","date_gmt":"2025-05-08T17:49:15","guid":{"rendered":"https:\/\/mobillierdecora.com.br\/?post_type=product&#038;p=2567"},"modified":"2025-07-28T13:36:29","modified_gmt":"2025-07-28T16:36:29","slug":"cadeira-sonia","status":"publish","type":"product","link":"https:\/\/mobillierdecora.com.br\/index.php\/produto\/cadeira-sonia\/","title":{"rendered":"CADEIRA S\u00d4NIA"},"content":{"rendered":"<p>MODELO : CADEIRA S\u00d4NIA<\/p>\n<p>COR : CORES DISPON\u00cdVEIS S\u00c3O LINHO MARROM MESCLADO\/ PU PRETO<br \/>\nDESCRI\u00c7\u00c3O: Cadeira em madeira multilaminada. Assento e encosto<br \/>\nestofados em poliuretano ou linho. Base em a\u00e7o com<br \/>\naplica\u00e7\u00e3o de adesivo por transfer\u00eancia de calor<\/p>\n<p>TODOS OS ITENS SOBRE ENCOMENDA<\/p>\n","protected":false},"excerpt":{"rendered":"<p>MODELO : CADEIRA S\u00d4NIA COR : CORES DISPON\u00cdVEIS S\u00c3O LINHO MARROM MESCLADO\/ PU PRETO DESCRI\u00c7\u00c3O: Cadeira em madeira multilaminada. Assento e encosto estofados em poliuretano ou linho. Base em a\u00e7o com aplica\u00e7\u00e3o de adesivo por transfer\u00eancia de calor TODOS OS ITENS SOBRE ENCOMENDA<\/p>\n","protected":false},"featured_media":2568,"comment_status":"open","ping_status":"closed","template":"","meta":{"googlesitekit_rrm_CAowk5XbCw:productID":""},"product_brand":[56],"product_cat":[15],"product_tag":[53],"class_list":{"0":"post-2567","1":"product","2":"type-product","3":"status-publish","4":"has-post-thumbnail","6":"product_brand-rivatti","7":"product_cat-produtos","8":"product_tag-produtos","10":"first","11":"instock","12":"shipping-taxable","13":"product-type-simple"},"_links":{"self":[{"href":"https:\/\/mobillierdecora.com.br\/index.php\/wp-json\/wp\/v2\/product\/2567","targetHints":{"allow":["GET"]}}],"collection":[{"href":"https:\/\/mobillierdecora.com.br\/index.php\/wp-json\/wp\/v2\/product"}],"about":[{"href":"https:\/\/mobillierdecora.com.br\/index.php\/wp-json\/wp\/v2\/types\/product"}],"replies":[{"embeddable":true,"href":"https:\/\/mobillierdecora.com.br\/index.php\/wp-json\/wp\/v2\/comments?post=2567"}],"version-history":[{"count":2,"href":"https:\/\/mobillierdecora.com.br\/index.php\/wp-json\/wp\/v2\/product\/2567\/revisions"}],"predecessor-version":[{"id":2673,"href":"https:\/\/mobillierdecora.com.br\/index.php\/wp-json\/wp\/v2\/product\/2567\/revisions\/2673"}],"wp:featuredmedia":[{"embeddable":true,"href":"https:\/\/mobillierdecora.com.br\/index.php\/wp-json\/wp\/v2\/media\/2568"}],"wp:attachment":[{"href":"https:\/\/mobillierdecora.com.br\/index.php\/wp-json\/wp\/v2\/media?parent=2567"}],"wp:term":[{"taxonomy":"product_brand","embeddable":true,"href":"https:\/\/mobillierdecora.com.br\/index.php\/wp-json\/wp\/v2\/product_brand?post=2567"},{"taxonomy":"product_cat","embeddable":true,"href":"https:\/\/mobillierdecora.com.br\/index.php\/wp-json\/wp\/v2\/product_cat?post=2567"},{"taxonomy":"product_tag","embeddable":true,"href":"https:\/\/mobillierdecora.com.br\/index.php\/wp-json\/wp\/v2\/product_tag?post=2567"}],"curies":[{"name":"wp","href":"https:\/\/api.w.org\/{rel}","templated":true}]}}

CADEIRA SÔNIA

<p>MODELO : CADEIRA SÔNIA</p>
<p>COR : CORES DISPONÍVEIS SÃO LINHO MARROM MESCLADO/ PU PRETO<br />
DESCRIÇÃO: Cadeira em madeira multilaminada. Assento e encosto<br />
estofados em poliuretano ou linho. Base em aço com<br />
aplicação de adesivo por transferência de calor</p>
<p>TODOS OS ITENS SOBRE ENCOMENDA</p>

<p>MODELO : CADEIRA SÔNIA COR : CORES DISPONÍVEIS SÃO LINHO MARROM MESCLADO/ PU PRETO DESCRIÇÃO: Cadeira em madeira multilaminada. Assento e encosto estofados em poliuretano ou linho. Base em aço com aplicação de adesivo por transferência de calor TODOS OS ITENS SOBRE ENCOMENDA</p>
