{"id":2559,"date":"2025-05-08T14:29:01","date_gmt":"2025-05-08T17:29:01","guid":{"rendered":"https:\/\/mobillierdecora.com.br\/?post_type=product&#038;p=2559"},"modified":"2025-07-28T13:37:42","modified_gmt":"2025-07-28T16:37:42","slug":"cadeira-agatha","status":"publish","type":"product","link":"https:\/\/mobillierdecora.com.br\/index.php\/produto\/cadeira-agatha\/","title":{"rendered":"CADEIRA AGATHA"},"content":{"rendered":"<p><span dir=\"auto\" style=\"vertical-align: inherit;\"><span dir=\"auto\" style=\"vertical-align: inherit;\">MODELO : CADEIRA AGATHA <\/span><\/span><br \/>\n<span dir=\"auto\" style=\"vertical-align: inherit;\"><span dir=\"auto\" style=\"vertical-align: inherit;\">COR : Dispon\u00edvel NA COR PU CINZA OU PU MARROM <\/span><\/span><br \/>\n<span dir=\"auto\" style=\"vertical-align: inherit;\"><span dir=\"auto\" style=\"vertical-align: inherit;\">DESCRI\u00c7\u00c3O: CADEIRA COM ASSENTO E ENCOSTO ESTOFADOS EM POLIURETANO <\/span><\/span><br \/>\n<span dir=\"auto\" style=\"vertical-align: inherit;\"><span dir=\"auto\" style=\"vertical-align: inherit;\">E BASE EM A\u00c7O PINTADA \u00c1 P\u00d3.<\/span><\/span><\/p>\n<p>TODOS OS ITENS SOBRE ENCOMENDA<\/p>\n","protected":false},"excerpt":{"rendered":"<p>MODELO : CADEIRA AGATHA COR : Dispon\u00edvel NA COR PU CINZA OU PU MARROM DESCRI\u00c7\u00c3O: CADEIRA COM ASSENTO E ENCOSTO ESTOFADOS EM POLIURETANO E BASE EM A\u00c7O PINTADA \u00c1 P\u00d3. TODOS OS ITENS SOBRE ENCOMENDA<\/p>\n","protected":false},"featured_media":2560,"comment_status":"open","ping_status":"closed","template":"","meta":{"googlesitekit_rrm_CAowk5XbCw:productID":""},"product_brand":[56],"product_cat":[15],"product_tag":[53],"class_list":{"0":"post-2559","1":"product","2":"type-product","3":"status-publish","4":"has-post-thumbnail","6":"product_brand-rivatti","7":"product_cat-produtos","8":"product_tag-produtos","10":"first","11":"instock","12":"shipping-taxable","13":"product-type-simple"},"_links":{"self":[{"href":"https:\/\/mobillierdecora.com.br\/index.php\/wp-json\/wp\/v2\/product\/2559","targetHints":{"allow":["GET"]}}],"collection":[{"href":"https:\/\/mobillierdecora.com.br\/index.php\/wp-json\/wp\/v2\/product"}],"about":[{"href":"https:\/\/mobillierdecora.com.br\/index.php\/wp-json\/wp\/v2\/types\/product"}],"replies":[{"embeddable":true,"href":"https:\/\/mobillierdecora.com.br\/index.php\/wp-json\/wp\/v2\/comments?post=2559"}],"version-history":[{"count":2,"href":"https:\/\/mobillierdecora.com.br\/index.php\/wp-json\/wp\/v2\/product\/2559\/revisions"}],"predecessor-version":[{"id":2672,"href":"https:\/\/mobillierdecora.com.br\/index.php\/wp-json\/wp\/v2\/product\/2559\/revisions\/2672"}],"wp:featuredmedia":[{"embeddable":true,"href":"https:\/\/mobillierdecora.com.br\/index.php\/wp-json\/wp\/v2\/media\/2560"}],"wp:attachment":[{"href":"https:\/\/mobillierdecora.com.br\/index.php\/wp-json\/wp\/v2\/media?parent=2559"}],"wp:term":[{"taxonomy":"product_brand","embeddable":true,"href":"https:\/\/mobillierdecora.com.br\/index.php\/wp-json\/wp\/v2\/product_brand?post=2559"},{"taxonomy":"product_cat","embeddable":true,"href":"https:\/\/mobillierdecora.com.br\/index.php\/wp-json\/wp\/v2\/product_cat?post=2559"},{"taxonomy":"product_tag","embeddable":true,"href":"https:\/\/mobillierdecora.com.br\/index.php\/wp-json\/wp\/v2\/product_tag?post=2559"}],"curies":[{"name":"wp","href":"https:\/\/api.w.org\/{rel}","templated":true}]}}

<p><span dir="auto" style="vertical-align: inherit;"><span dir="auto" style="vertical-align: inherit;">MODELO : CADEIRA AGATHA </span></span><br />
<span dir="auto" style="vertical-align: inherit;"><span dir="auto" style="vertical-align: inherit;">COR : Disponível NA COR PU CINZA OU PU MARROM </span></span><br />
<span dir="auto" style="vertical-align: inherit;"><span dir="auto" style="vertical-align: inherit;">DESCRIÇÃO: CADEIRA COM ASSENTO E ENCOSTO ESTOFADOS EM POLIURETANO </span></span><br />
<span dir="auto" style="vertical-align: inherit;"><span dir="auto" style="vertical-align: inherit;">E BASE EM AÇO PINTADA Á PÓ.</span></span></p>
<p>TODOS OS ITENS SOBRE ENCOMENDA</p>

<p>MODELO : CADEIRA AGATHA COR : Disponível NA COR PU CINZA OU PU MARROM DESCRIÇÃO: CADEIRA COM ASSENTO E ENCOSTO ESTOFADOS EM POLIURETANO E BASE EM AÇO PINTADA Á PÓ. TODOS OS ITENS SOBRE ENCOMENDA</p>
