{"id":1794,"date":"2025-02-27T15:32:40","date_gmt":"2025-02-27T18:32:40","guid":{"rendered":"https:\/\/mobillierdecora.com.br\/?post_type=product&#038;p=1794"},"modified":"2025-04-24T16:38:53","modified_gmt":"2025-04-24T19:38:53","slug":"banqueta-ipe","status":"publish","type":"product","link":"https:\/\/mobillierdecora.com.br\/index.php\/produto\/banqueta-ipe\/","title":{"rendered":"BANQUETA IP\u00ca CAMUR\u00c7A"},"content":{"rendered":"<p>MODELO : BANQUETA IP\u00ca<br \/>\nCOR : CAMUR\u00c7A<\/p>\n","protected":false},"excerpt":{"rendered":"<p>MODELO : BANQUETA IP\u00ca COR : CAMUR\u00c7A<\/p>\n","protected":false},"featured_media":2396,"comment_status":"open","ping_status":"closed","template":"","meta":{"googlesitekit_rrm_CAowk5XbCw:productID":""},"product_brand":[56],"product_cat":[41],"product_tag":[50],"class_list":{"0":"post-1794","1":"product","2":"type-product","3":"status-publish","4":"has-post-thumbnail","6":"product_brand-rivatti","7":"product_cat-banquetas","8":"product_tag-banquetas","10":"first","11":"instock","12":"sale","13":"shipping-taxable","14":"purchasable","15":"product-type-simple"},"_links":{"self":[{"href":"https:\/\/mobillierdecora.com.br\/index.php\/wp-json\/wp\/v2\/product\/1794","targetHints":{"allow":["GET"]}}],"collection":[{"href":"https:\/\/mobillierdecora.com.br\/index.php\/wp-json\/wp\/v2\/product"}],"about":[{"href":"https:\/\/mobillierdecora.com.br\/index.php\/wp-json\/wp\/v2\/types\/product"}],"replies":[{"embeddable":true,"href":"https:\/\/mobillierdecora.com.br\/index.php\/wp-json\/wp\/v2\/comments?post=1794"}],"version-history":[{"count":1,"href":"https:\/\/mobillierdecora.com.br\/index.php\/wp-json\/wp\/v2\/product\/1794\/revisions"}],"predecessor-version":[{"id":2270,"href":"https:\/\/mobillierdecora.com.br\/index.php\/wp-json\/wp\/v2\/product\/1794\/revisions\/2270"}],"wp:featuredmedia":[{"embeddable":true,"href":"https:\/\/mobillierdecora.com.br\/index.php\/wp-json\/wp\/v2\/media\/2396"}],"wp:attachment":[{"href":"https:\/\/mobillierdecora.com.br\/index.php\/wp-json\/wp\/v2\/media?parent=1794"}],"wp:term":[{"taxonomy":"product_brand","embeddable":true,"href":"https:\/\/mobillierdecora.com.br\/index.php\/wp-json\/wp\/v2\/product_brand?post=1794"},{"taxonomy":"product_cat","embeddable":true,"href":"https:\/\/mobillierdecora.com.br\/index.php\/wp-json\/wp\/v2\/product_cat?post=1794"},{"taxonomy":"product_tag","embeddable":true,"href":"https:\/\/mobillierdecora.com.br\/index.php\/wp-json\/wp\/v2\/product_tag?post=1794"}],"curies":[{"name":"wp","href":"https:\/\/api.w.org\/{rel}","templated":true}]}}

BANQUETA IPÊ CAMURÇA

<p>MODELO : BANQUETA IPÊ<br />
COR : CAMURÇA</p>

<p>MODELO : BANQUETA IPÊ COR : CAMURÇA</p>
